462. Let j(c) be the third derivative of c**5/60 - c**4/8 - 5*c**3/6 + c**2. What is j(w)?
5
Let o(v) = 23*v + 1. Let u be o(1). Let a = 2 + -28. Let z = u + a. Let q(j) = j**3 + 2*j**2. Calculate q(z).
0
Let j(m) = -5*m**2 + 3*m - 6. Let l(c) = 9*c**2 - 6*c + 11. Let r(s) = -11*j(s) - 6*l(s). Let x be 1*(-1)/(4/8). Let u be -2*(-1)/x*3. Calculate r(u).
0
Let z(f) be the third derivative of -f**5/60 + f**4/2 - 11*f**3/6 + 272*f**2. Give z(9).
16
Suppose 4*d = 5*v - d + 10, 2*v + d = 2. Suppose v = -r - 7*z + 2*z + 8, -3*r + 5*z - 16 = 0. Let k(x) = -8*x + 11*x + x**2 - 6*x - 1 + x**3. Calculate k(r).
1
Let c(j) = -2*j - 4. Let b be 40 + -1 + (-2 - 4/(-2)). Suppose 5*o + 14 = b. Calculate c(o).
-14
Let w(x) be the third derivative of -x**6/120 + x**5/12 - x**4/12 - 13*x**2. Suppose 14 = 4*v + 2. Give w(v).
12
Let r = 388 - 387. Let d(p) = 20*p. Give d(r).
20
Let b(i) = -i**3 - 8*i**2 + 11*i - 2. Let r(d) = 12*d + 183. Let n be r(-16). Determine b(n).
-20
Let r be (-9)/12*28/(-21). Let c(x) = -r + 6*x - x**2 + 0*x - 5*x - 7*x. Let n = -2 - 3. Give c(n).
4
Suppose -g - 21 = -3*o, -2*g = o + 2*g + 6. Let z(f) = 4*f - 10 - 10 + 22*f. Let l(i) = 9*i - 7. Let m(u) = o*z(u) - 17*l(u). Give m(2).
5
Let h(m) be the third derivative of 0 - 1/120*m**6 + 1/6*m**3 + 0*m**4 + 0*m + 0*m**5 + 7*m**2. Give h(1).
0
Let o(f) = f**3 - 6*f + 6*f - 3 + 9*f**2 + 7*f. What is o(-8)?
5
Let m(q) = q + 4. Let u(d) = -d**2 - 2*d. Let c(o) = m(o) - u(o). Determine c(-6).
22
Let l(f) be the first derivative of -f**2/2 - f + 1. Let o = 29210 - 29202. Give l(o).
-9
Suppose 4*h - 145 = -5*d, -d + 0*d = 3*h - 95. Suppose -q + 6*q = h. Let n(k) = 2*k - k + k**3 + q + 5*k**2 + k. Give n(-5).
-4
Let o(p) = -p**3 - 3*p**2 - 3*p - 3. Let v be o(-2). Let i be (0 - 2/(-4))*20. Let j(d) = 25 - 13 - 11 + i*d. Calculate j(v).
-9
Let u(w) be the second derivative of -w**3/3 - 9*w**2/2 - 44*w. Determine u(-6).
3
Let u = 634 + -640. Let a(z) = 7*z + 1. Calculate a(u).
-41
Let m(t) be the third derivative of 21*t**2 - 1/6*t**3 + 1/120*t**6 + 0*t**4 + 0*t + 0 - 1/60*t**5. Give m(2).
3
Let d(m) = m**3 + 11*m**2 + 11*m + 8. Suppose -5*g = -5*z + 2 - 12, 0 = -3*z - 6. Suppose -2*w - 14 = -2*y - y, g = 3*w - y + 28. What is d(w)?
-2
Let i = 17 + -15. Suppose -f + 5*d + 10 - 4 = 0, -5*d = i*f - 12. Let t(w) be the third derivative of -w**5/60 + w**4/6 + w**3 + 2*w**2. What is t(f)?
-6
Let a = 1 - -3. Let l(v) = -107 + 11*v**2 + 103 + 6*v - 12*v**2. What is l(a)?
4
Let k(j) = j**3 - 6*j**2 + 3*j + 6. Suppose 5 = 3*f - 2*f. Let z be k(f). Let c(w) be the first derivative of 3*w**2/2 + 5*w - 15. What is c(z)?
-7
Let n = 68 - 49. Suppose -n = -d + 4*q - 1, 5*d = 4*q + 42. Let z(k) = -k**3 + 6*k**2 - 2*k - 2. What is z(d)?
-14
Let n be 5*2/15*-6. Let t(z) be the second derivative of z**5/20 + z**4/3 + z**3/6 - 3*z**2/2 + 13*z. What is t(n)?
-7
Let v(y) = 138*y + 132*y - 402*y - 1 + 131*y. Determine v(-8).
7
Let l(w) = w - 6. Let d = -2 - -4. Let h = 2 - d. Determine l(h).
-6
Let w(n) = -n**2 - 6*n + 4. Suppose -2*l + 9 = l. Suppose -2*k - l*k - 45 = 0. Let s(i) = i + 5. Let q be s(k). What is w(q)?
12
Let b(z) = 3*z**3 + 2*z**2 + 5*z - 1. Let g(h) = h**3 + 2*h. Let l(a) = 2*b(a) - 5*g(a). Determine l(-5).
-27
Suppose -5*s + 232 = 24*s. Let j(p) = p - 14. What is j(s)?
-6
Let a(f) = f**3 - 2*f + 3. Let w be 1/(-3)*3*110/2. Let n = w + 57. Give a(n).
7
Let c(l) = 2*l - 69*l**2 + 38 + 66*l**2 - 18 - 19. Suppose 4*t - 5*t + 5*n = 9, -3*t + 21 = n. Let f be (8/6)/(4/t). Give c(f).
-7
Let c(m) be the third derivative of m**5/60 - m**4/8 - 2259*m**2 - 2. Let w = -3 - -6. Give c(w).
0
Let t(k) be the second derivative of -3*k**4/4 - k**3/2 + k**2 - 996*k. What is t(1)?
-10
Let r(y) = -y**2 + 4*y - 5. Let a(s) = 3*s**2 - 13*s + 15. Suppose -2*p = q - 0*q + 17, p = q + 2. Let v(w) = q*r(w) - 2*a(w). Calculate v(5).
20
Let o(j) = 3*j - 45. Let u(i) = -i + 22. Let k(t) = 3*o(t) + 7*u(t). Determine k(15).
49
Let w(t) = t**3 - 11*t**2 + 12*t - 2. Let l = -2239 + 2249. What is w(l)?
18
Suppose 0 = -10*g + 30 - 20. Let b(o) = 3*o**2 - 3*o + 1. Calculate b(g).
1
Let f(b) = -b**2 - 6*b + 1. Let r be f(-6). Let g(t) = 298 - 196 - 103 - 20*t. Calculate g(r).
-21
Let v(y) = -y**2 - 6*y + 6. Suppose 3*m - 22 = 14. Suppose 8*z - 20 = m*z. What is v(z)?
11
Let v(b) = -b**2 + 7*b + 3. Let f be 0 + 5 - 2/2. Suppose -2*m - 21 = -23*m. Suppose -3*o + 4*o + 8 = -3*x, 3*o + f*x = m. Give v(o).
3
Let z(j) = -11*j**2 + 14*j - 4. Let n(g) = 5*g**2 - 7*g + 2. Let a(u) = 13*n(u) + 6*z(u). What is a(-8)?
-6
Suppose 2*i - 9 = 3*u, 5*i + 2*u + 6 = -0*i. Let v(g) = -g. Determine v(i).
0
Let b(i) = -i - 7. Let d be b(-5). Let v(n) = -n. Let g(z) = -2. Let x(q) = g(q) + 2*v(q). What is x(d)?
2
Suppose 3*m + 2*m + 5*l = 30, -2*l + 18 = 5*m. Let c(u) = m*u + 6 - 3*u + 0*u + 0*u. Give c(6).
0
Let f(x) = 2*x - 3. Let n be 2/6*(12 + -6) - -1. Calculate f(n).
3
Let k(q) = q**2 - 1. Let a(t) = 6*t**2 + 3*t - 3. Let s(y) = a(y) - 2*k(y). Let f be s(1). Let w(m) = -m**2 + 7*m - 7. What is w(f)?
-1
Let d(c) = 2*c + 59. Let o(l) = -6*l - 159. Let z(s) = -8*d(s) - 3*o(s). Suppose -12 = 3*q + 4*y, -6*y + 8 = -2*q - 2*y. Calculate z(q).
-3
Suppose -k - 4*k + 2*r = -5, 2*k = 5*r - 19. Let q(h) = 0 + 2*h**2 + 0*h**3 - 5 + 2*h + 1 - h**3. Calculate q(k).
-7
Suppose -13*h = -4*h - 81. Let g(i) be the first derivative of -i**2/2 + 4*i + 37. Give g(h).
-5
Let q = 4 - 2. Suppose 0*l - 6 = -q*l. Let o(s) = -4 - 4*s + 4 + s**2 + 1 + 0. Calculate o(l).
-2
Let b(k) = -k**3 - 22*k**2 - 4*k - 9. Let z(v) = 4*v**2 - v + 1. Let y(i) = b(i) + 4*z(i). Calculate y(-5).
10
Let r(s) = -s**2 + 5 - 25*s - 26*s + 50*s. Let x(k) = -k**2 + k + 2. Let t be x(-2). Let i = t + 4. Determine r(i).
5
Let r(f) = -f**3 + f + 2. Let c be r(-1). Let v(l) = 5*l + 37 + 35 - 82 + l**c. What is v(-7)?
4
Let b be (-6)/3*(35/2)/7. Let u(z) = -1. Let r(m) = 7*m - 2. Let i(g) = b*u(g) + r(g). Determine i(-2).
-11
Let h(k) = 5*k**2 + 2*k - 5. Let v(i) = 17*i**2 + 8*i - 16. Let f(o) = 7*h(o) - 2*v(o). Calculate f(6).
21
Let k(q) be the third derivative of q**4/24 + 2*q**3/3 + q**2. Suppose -5*f + 3 = -4*f. Suppose 0 = n + d, 0 = -f*d - 10 - 5. Calculate k(n).
9
Suppose 13 = -2*s - 7. Suppose -2*r + 13 = z, 5*r - 41 = -3*z - 8. Let b = r + s. Let j(m) = m**2 + 4*m + 3. Determine j(b).
3
Let n(r) = -r**2 + 6*r + 8. Suppose 18*m - 81 - 27 = 0. Give n(m).
8
Let f(t) = -t**2 + 7*t - 8. Let k be f(5). Let m be (k/4)/(11/66). Suppose m*i + 11 = v, 2*i + 11 - 1 = 2*v. Let o(c) = c**2 - 3. Give o(i).
6
Let k be (2 - 3)/((-2)/6). Let u(x) = 3*x**3 + 2*x**2 + 7*x + 23. Let w(a) = 4*a**3 + 2*a**2 + 8*a + 28. Let i(q) = 5*u(q) - 4*w(q). What is i(k)?
3
Let s(c) = c**3 - 9*c**2 + 8*c + 11. Let v(r) be the third derivative of -r**4/8 + 16*r**3/3 + 19*r**2. Let t be v(8). Calculate s(t).
11
Suppose -11*t + 38 - 16 = 0. Let l(v) be the first derivative of 2*v + 3/2*v**t - 5. Determine l(-2).
-4
Let c(y) = 37*y - 83. Let p be c(5). Let i = 95 - p. Let d(l) be the third derivative of l**5/60 + 7*l**4/24 - 5*l**3/3 + l**2. Calculate d(i).
-10
Let a(p) be the second derivative of -p**5/5 - p**4/12 + 356*p. Give a(-1).
3
Suppose -26 = -15*t + 14*t + 5*c, -5*c = -5*t + 30. Let z(d) = 2*d - 3. Calculate z(t).
-1
Let q(c) be the second derivative of c**3/3 - 7*c**2/2 - 2*c + 55. What is q(-9)?
-25
Suppose 14 = 3*x + g, 0*x - 2*x + 4*g - 14 = 0. Let y(n) = 3 + 1 + n - x - 2. Determine y(-5).
-6
Suppose -10 = -k - k. Let u(b) = -2 + 2*b**3 - k*b**3 + 3. Give u(-1).
4
Suppose 5*s - 28 + 88 = -3*a, -5*a + 4*s - 63 = 0. Let m = a - -9. Let t(j) = j**3 + 6*j**2 + j + 5. Calculate t(m).
-1
Let k be (34/(-5) - -6) + 36/(-5). Let u(q) = -7*q + 9. Give u(k).
65
Let h(m) = -48*m + 26*m + 23*m + 3 - m**2. What is h(4)?
-9
Let l(w) = -10*w**2 - 7*w - 1. Let u(s) = 9*s**2 + 6*s + 1. Let t(y) = -4*l(y) - 5*u(y). Suppose 4*n = 5*n + 1. Calculate t(n).
-4
Let y(n) be the third derivative of n**6/120 - 2*n**5/15 + n**4/4 - 5*n**3/3 - 91*n**2. Give y(7).
-17
Let h(b) = -6*b**2 + 25*b**2 + 1 - 2. Let v be ((-4)/16)/((-5)/(-20)). Determine h(v).
18
Let k(c) = -5 + 2 - c**3 + 0*c**3 + 7*c**2. Let p(j) = -2*j**2 - 15*j + 34. Let l be p(-9). Calculate k(l).
-3
Let l(m) = -m**3 + 5*m**2 - 6*m + 1. Let d be l(4). Let a(j) = 4*j - 1. Let v(x) = 1